{"id":15375,"date":"2022-11-21T15:36:01","date_gmt":"2022-11-21T14:36:01","guid":{"rendered":"https:\/\/TanteSophie-Garding.de\/?page_id=15375"},"modified":"2026-03-29T14:36:23","modified_gmt":"2026-03-29T12:36:23","slug":"aktuelles-von-tante-sophie-im-bad-10-st-peter-ording","status":"publish","type":"page","link":"https:\/\/Tante-Sophie-SPO.de\/?page_id=15375","title":{"rendered":"Aktuelles"},"content":{"rendered":"<section class=\"wpb-content-wrapper\"><p>[vc_row css_animation=&#8220;&#8220; row_type=&#8220;row&#8220; use_row_as_full_screen_section=&#8220;no&#8220; type=&#8220;full_width&#8220; angled_section=&#8220;no&#8220; text_align=&#8220;left&#8220; background_image_as_pattern=&#8220;without_pattern&#8220; z_index=&#8220;&#8220;][vc_column][vc_empty_space][vc_column_text css=&#8220;.vc_custom_1774787618579{margin-top: 30px !important;margin-bottom: 30px !important;}&#8220;]<\/p>\n<h2 style=\"text-align: center;\"><span style=\"color: #477054;\">Neuer\u00f6ffnung!<\/span><\/h2>\n<h2 style=\"text-align: center;\"><span style=\"color: #477054;\">Olsdorfer Stra\u00dfe 8<\/span><\/h2>\n<h2 style=\"text-align: center;\"><span style=\"color: #477054;\"> SPO Dorf<\/span><\/h2>\n<p>[\/vc_column_text][vc_empty_space height=&#8220;28px&#8220;][vc_empty_space][\/vc_column][vc_column][vc_column_text]<\/p>\n<h4 style=\"text-align: center;\">Wir freuen uns sehr, unsere Neuer\u00f6ffnung, am Samstag, 04.April um 11.00 Uhr mit Euch zu feiern.<\/h4>\n<p>&nbsp;<\/p>\n<h4 style=\"text-align: center;\"><\/h4>\n<p>&nbsp;<\/p>\n<h4 style=\"text-align: center;\"><\/h4>\n<h4 style=\"text-align: center;\">\u00a0Viele liebe Gr\u00fc\u00dfe<\/h4>\n<h4 style=\"text-align: center;\">Meike Stender-K\u00fchl<\/h4>\n<h4 style=\"text-align: center;\"><\/h4>\n<p>[\/vc_column_text][\/vc_column][\/vc_row][vc_row css_animation=&#8220;&#8220; row_type=&#8220;row&#8220; use_row_as_full_screen_section=&#8220;no&#8220; type=&#8220;full_width&#8220; angled_section=&#8220;no&#8220; text_align=&#8220;left&#8220; background_image_as_pattern=&#8220;without_pattern&#8220;][vc_column][vc_empty_space height=&#8220;28px&#8220;][\/vc_column][\/vc_row][vc_row css_animation=&#8220;&#8220; row_type=&#8220;row&#8220; use_row_as_full_screen_section=&#8220;no&#8220; type=&#8220;full_width&#8220; angled_section=&#8220;no&#8220; text_align=&#8220;left&#8220; background_image_as_pattern=&#8220;without_pattern&#8220;][vc_column][vc_empty_space height=&#8220;28px&#8220;][\/vc_column][\/vc_row]<\/p>\n<\/section>","protected":false},"excerpt":{"rendered":"<p>[vc_row css_animation=&#8220;&#8220; row_type=&#8220;row&#8220; use_row_as_full_screen_section=&#8220;no&#8220; type=&#8220;full_width&#8220; angled_section=&#8220;no&#8220; text_align=&#8220;left&#8220; background_image_as_pattern=&#8220;without_pattern&#8220; z_index=&#8220;&#8220;][vc_column][vc_empty_space][vc_column_text css=&#8220;.vc_custom_1774787618579{margin-top: 30px !important;margin-bottom: 30px !important;}&#8220;] Neuer\u00f6ffnung! Olsdorfer Stra\u00dfe 8 SPO Dorf [\/vc_column_text][vc_empty_space height=&#8220;28px&#8220;][vc_empty_space][\/vc_column][vc_column][vc_column_text] Wir freuen uns sehr, unsere Neuer\u00f6ffnung, am Samstag, 04.April um 11.00 Uhr mit Euch zu feiern. &nbsp; &nbsp; \u00a0Viele liebe Gr\u00fc\u00dfe Meike Stender-K\u00fchl&#8230;<\/p>\n","protected":false},"author":1,"featured_media":0,"parent":0,"menu_order":0,"comment_status":"closed","ping_status":"closed","template":"","meta":{"footnotes":""},"class_list":["post-15375","page","type-page","status-publish","hentry"],"yoast_head":"<!-- This site is optimized with the Yoast SEO plugin v20.10 - https:\/\/yoast.com\/wordpress\/plugins\/seo\/ -->\n<title>Aktuelles - Tante Sophie SPO<\/title>\n<meta name=\"description\" content=\"Tante Sophie SPO Aktuelles %\" \/>\n<meta name=\"robots\" content=\"index, follow, max-snippet:-1, max-image-preview:large, max-video-preview:-1\" \/>\n<link rel=\"canonical\" href=\"https:\/\/Tante-Sophie-SPO.de\/?page_id=15375\" \/>\n<meta property=\"og:locale\" content=\"de_DE\" \/>\n<meta property=\"og:type\" content=\"article\" \/>\n<meta property=\"og:title\" content=\"Aktuelles - Tante Sophie SPO\" \/>\n<meta property=\"og:description\" content=\"Tante Sophie SPO Aktuelles %\" \/>\n<meta property=\"og:url\" content=\"https:\/\/Tante-Sophie-SPO.de\/?page_id=15375\" \/>\n<meta property=\"og:site_name\" content=\"Tante Sophie SPO\" \/>\n<meta property=\"article:modified_time\" content=\"2026-03-29T12:36:23+00:00\" \/>\n<meta name=\"twitter:card\" content=\"summary_large_image\" \/>\n<meta name=\"twitter:label1\" content=\"Gesch\u00e4tzte Lesezeit\" \/>\n\t<meta name=\"twitter:data1\" content=\"1\u00a0Minute\" \/>\n<script type=\"application\/ld+json\" class=\"yoast-schema-graph\">{\"@context\":\"https:\/\/schema.org\",\"@graph\":[{\"@type\":\"WebPage\",\"@id\":\"https:\/\/Tante-Sophie-SPO.de\/?page_id=15375\",\"url\":\"https:\/\/Tante-Sophie-SPO.de\/?page_id=15375\",\"name\":\"Aktuelles - Tante Sophie SPO\",\"isPartOf\":{\"@id\":\"https:\/\/Tante-Sophie-SPO.de\/#website\"},\"datePublished\":\"2022-11-21T14:36:01+00:00\",\"dateModified\":\"2026-03-29T12:36:23+00:00\",\"description\":\"Tante Sophie SPO Aktuelles %\",\"breadcrumb\":{\"@id\":\"https:\/\/Tante-Sophie-SPO.de\/?page_id=15375#breadcrumb\"},\"inLanguage\":\"de\",\"potentialAction\":[{\"@type\":\"ReadAction\",\"target\":[\"https:\/\/Tante-Sophie-SPO.de\/?page_id=15375\"]}]},{\"@type\":\"BreadcrumbList\",\"@id\":\"https:\/\/Tante-Sophie-SPO.de\/?page_id=15375#breadcrumb\",\"itemListElement\":[{\"@type\":\"ListItem\",\"position\":1,\"name\":\"Startseite\",\"item\":\"https:\/\/Tante-Sophie-SPO.de\/\"},{\"@type\":\"ListItem\",\"position\":2,\"name\":\"Aktuelles\"}]},{\"@type\":\"WebSite\",\"@id\":\"https:\/\/Tante-Sophie-SPO.de\/#website\",\"url\":\"https:\/\/Tante-Sophie-SPO.de\/\",\"name\":\"Tante Sophie SPO\",\"description\":\"Mode und Dekoration in Sankt Peter Ording\",\"potentialAction\":[{\"@type\":\"SearchAction\",\"target\":{\"@type\":\"EntryPoint\",\"urlTemplate\":\"https:\/\/Tante-Sophie-SPO.de\/?s={search_term_string}\"},\"query-input\":\"required name=search_term_string\"}],\"inLanguage\":\"de\"}]}<\/script>\n<!-- \/ Yoast SEO plugin. -->","yoast_head_json":{"title":"Aktuelles - Tante Sophie SPO","description":"Tante Sophie SPO Aktuelles %","robots":{"index":"index","follow":"follow","max-snippet":"max-snippet:-1","max-image-preview":"max-image-preview:large","max-video-preview":"max-video-preview:-1"},"canonical":"https:\/\/Tante-Sophie-SPO.de\/?page_id=15375","og_locale":"de_DE","og_type":"article","og_title":"Aktuelles - Tante Sophie SPO","og_description":"Tante Sophie SPO Aktuelles %","og_url":"https:\/\/Tante-Sophie-SPO.de\/?page_id=15375","og_site_name":"Tante Sophie SPO","article_modified_time":"2026-03-29T12:36:23+00:00","twitter_card":"summary_large_image","twitter_misc":{"Gesch\u00e4tzte Lesezeit":"1\u00a0Minute"},"schema":{"@context":"https:\/\/schema.org","@graph":[{"@type":"WebPage","@id":"https:\/\/Tante-Sophie-SPO.de\/?page_id=15375","url":"https:\/\/Tante-Sophie-SPO.de\/?page_id=15375","name":"Aktuelles - Tante Sophie SPO","isPartOf":{"@id":"https:\/\/Tante-Sophie-SPO.de\/#website"},"datePublished":"2022-11-21T14:36:01+00:00","dateModified":"2026-03-29T12:36:23+00:00","description":"Tante Sophie SPO Aktuelles %","breadcrumb":{"@id":"https:\/\/Tante-Sophie-SPO.de\/?page_id=15375#breadcrumb"},"inLanguage":"de","potentialAction":[{"@type":"ReadAction","target":["https:\/\/Tante-Sophie-SPO.de\/?page_id=15375"]}]},{"@type":"BreadcrumbList","@id":"https:\/\/Tante-Sophie-SPO.de\/?page_id=15375#breadcrumb","itemListElement":[{"@type":"ListItem","position":1,"name":"Startseite","item":"https:\/\/Tante-Sophie-SPO.de\/"},{"@type":"ListItem","position":2,"name":"Aktuelles"}]},{"@type":"WebSite","@id":"https:\/\/Tante-Sophie-SPO.de\/#website","url":"https:\/\/Tante-Sophie-SPO.de\/","name":"Tante Sophie SPO","description":"Mode und Dekoration in Sankt Peter Ording","potentialAction":[{"@type":"SearchAction","target":{"@type":"EntryPoint","urlTemplate":"https:\/\/Tante-Sophie-SPO.de\/?s={search_term_string}"},"query-input":"required name=search_term_string"}],"inLanguage":"de"}]}},"_links":{"self":[{"href":"https:\/\/Tante-Sophie-SPO.de\/index.php?rest_route=\/wp\/v2\/pages\/15375","targetHints":{"allow":["GET"]}}],"collection":[{"href":"https:\/\/Tante-Sophie-SPO.de\/index.php?rest_route=\/wp\/v2\/pages"}],"about":[{"href":"https:\/\/Tante-Sophie-SPO.de\/index.php?rest_route=\/wp\/v2\/types\/page"}],"author":[{"embeddable":true,"href":"https:\/\/Tante-Sophie-SPO.de\/index.php?rest_route=\/wp\/v2\/users\/1"}],"replies":[{"embeddable":true,"href":"https:\/\/Tante-Sophie-SPO.de\/index.php?rest_route=%2Fwp%2Fv2%2Fcomments&post=15375"}],"version-history":[{"count":25,"href":"https:\/\/Tante-Sophie-SPO.de\/index.php?rest_route=\/wp\/v2\/pages\/15375\/revisions"}],"predecessor-version":[{"id":15403,"href":"https:\/\/Tante-Sophie-SPO.de\/index.php?rest_route=\/wp\/v2\/pages\/15375\/revisions\/15403"}],"wp:attachment":[{"href":"https:\/\/Tante-Sophie-SPO.de\/index.php?rest_route=%2Fwp%2Fv2%2Fmedia&parent=15375"}],"curies":[{"name":"wp","href":"https:\/\/api.w.org\/{rel}","templated":true}]}}